True
Is 240 a factor of 506322480?
True
Is 482855274 a multiple of 18?
True
Does 117 divide 1071932184?
False
Is 136 a factor of 10922252?
False
Is 2447 a factor of 312257737?
False
Is 116 a factor of 8895919?
False
Does 87 divide 95671731?
False
Is 1301 a factor of 177246939?
True
Is 5701769 a multiple of 3611?
True
Does 4 divide 1706280072?
True
Is 4927319941 a multiple of 8672?
False
Is 232 a factor of 866110520?
True
Does 2431 divide 152465027?
True
Is 162 a factor of 23515434?
True
Does 1260 divide 55497960?
True
Is 40 a factor of 14565381?
False
Is 145 a factor of 19225411?
False
Is 7 a factor of 22813566?
False
Is 64445396 a multiple of 276?
False
Is 818628858 a multiple of 220?
False
Does 39 divide 37611863?
False
Is 109 a factor of 30744999?
False
Is 35665696 a multiple of 352?
True
Is 8 a factor of 32888659?
False
Is 6 a factor of 1971846?
True
Is 11 a factor of 39984465?
False
Is 56 a factor of 1209558601?
False
Does 7795 divide 953652651?
False
Does 6226 divide 302805697?
False
Is 11 a factor of 198779933?
True
Is 5495402 a multiple of 1285?
False
Is 372 a factor of 61597248?
True
Does 29 divide 977277053?
False
Is 176220188 a multiple of 121?
False
Is 663 a factor of 17222000?
False
Is 191331546 a multiple of 30?
False
Does 10 divide 23373950?
True
Is 174 a factor of 3218000534?
False
Is 6628 a factor of 1238229704?
True
Does 69 divide 157648302?
True
Does 13 divide 160574515?
False
Does 363 divide 8460441?
True
Is 1549156190 a multiple of 4813?
False
Is 86010414 a multiple of 742?
True
Is 48886760 a multiple of 1682?
False
Does 1403 divide 12726613?
True
Is 3634929480 a multiple of 26?
True
Is 1913587128 a multiple of 684?
True
Is 282 a factor of 21807221?
False
Is 341 a factor of 12967470?
False
Is 293870795 a multiple of 6609?
False
Is 6 a factor of 16062370?
False
Does 2624 divide 1095161266?
False
Does 9 divide 1393967070?
True
Is 1646 a factor of 152562802?
True
Is 62 a factor of 989417013?
False
Does 33 divide 84822936?
True
Does 3 divide 12542130?
True
Is 69 a factor of 4605785530?
False
Does 133 divide 111876465?
False
Is 106339213 a multiple of 208?
False
Is 4058600444 a multiple of 766?
True
Is 771349236 a multiple of 287?
True
Does 18 divide 733659791?
False
Is 21435130 a multiple of 264?
False
Is 3821090 a multiple of 104?
False
Is 1015032123 a multiple of 4006?
False
Does 5290 divide 3629792655?
False
Is 463764906 a multiple of 346?
True
Is 824 a factor of 337488976?
True
Does 875 divide 33745250?
True
Is 124 a factor of 59190036?
True
Does 69 divide 68893604?
False
Is 97074825 a multiple of 559?
False
Is 286 a factor of 127685844?
True
Is 3 a factor of 4221874?
False
Is 1132323755 a multiple of 1115?
True
Is 701 a factor of 33238912?
False
Is 720 a factor of 75476880?
True
Is 3 a factor of 337324789?
False
Does 282 divide 1163273714?
False
Does 22 divide 3418012264?
False
Is 9917640 a multiple of 36?
True
Is 38463398 a multiple of 122?
False
Is 12568206 a multiple of 434?
True
Does 20 divide 278397660?
True
Does 34 divide 13354361?
False
Is 71603058 a multiple of 161?
False
Is 14 a factor of 1983572939?
False
Is 9450210 a multiple of 66?
True
Does 7683 divide 2664218544?
True
Does 590 divide 1961470783?
False
Does 9 divide 1492725730?
False
Does 1078 divide 716094918?
True
Is 588 a factor of 1025773200?
False
Does 188 divide 1432653050?
False
Is 7 a factor of 4865371?
True
Is 85 a factor of 1323872120?
False
Is 14424469 a multiple of 46?
False
Does 680 divide 69091947?
False
Is 2 a factor of 32523035?
False
Does 316 divide 204236292?
False
Is 1320 a factor of 1816290020?
False
Is 407 a factor of 1585455360?
False
Does 7323 divide 689592264?
True
Does 3 divide 1659936?
True
Is 65949360 a multiple of 30?
True
Is 19235151 a multiple of 52?
False
Does 7 divide 198194909?
False
Does 80 divide 6358320?
True
Is 342413017 a multiple of 17?
False
Is 213927390 a multiple of 45?
True
Is 447937009 a multiple of 871?
True
Does 783 divide 68858586?
True
Does 2335 divide 1545099855?
True
Is 1828 a factor of 33991204?
False
Does 9 divide 62826082?
False
Is 115789601 a multiple of 1139?
True
Is 141 a factor of 368421156?
True
Is 208598901 a multiple of 21?
True
Is 2783476831 a multiple of 469?
False
Is 252 a factor of 13907727?
False
Does 604 divide 261745571?
False
Is 543 a factor of 3983580046?
False
Is 11 a factor of 89141973?
False
Is 4423899944 a multiple of 475?
False
Is 6597 a factor of 5486567?
False
Is 7831680 a multiple of 960?
True
Is 2193059 even?
False
Is 60 a factor of 124953900?
True
Is 1395 a factor of 1052516340?
True
Does 43 divide 15160854?
True
Is 79370880 a multiple of 12?
True
Does 40 divide 23397637?
False
Is 439020036 a multiple of 42?
True
Is 14 a factor of 76673744?
True
Is 3571831 a multiple of 13?
False
Is 29 a factor of 9847978?
False
Is 4036615 a multiple of 6?
False
Does 7 divide 29526582?
False
Does 82 divide 80641260?
True
Is 7292075 a multiple of 25?
True
Does 19 divide 4397531?
True
Is 428611491 a multiple of 2019?
True
Is 1576 a factor of 110781792?
False
Is 12654510 a multiple of 33?
True
Is 1180794002 a multiple of 63?
False
Is 314528232 a multiple of 24?
True
Is 9805952 a multiple of 284?
True
Does 3196 divide 488005515?
False
Does 133 divide 286083499?
False
Is 46 a factor of 23456090?
True
Is 7 a factor of 14079982?
True
Is 248 a factor of 88557574?
False
Is 394 a factor of 4471737021?
False
Is 166 a factor of 112880?
True
Is 1779 a factor of 24574864?
False
Is 109143229 a multiple of 64?
False
Does 238 divide 6014343?
False
Does 198 divide 22260744?
True
Is 1074641400 a multiple of 4930?
True
Does 19 divide 787452250?
False
Is 9 a factor of 781053021?
True
Is 276334570 a multiple of 194?
True
Is 8 a factor of 4756514336?
True
Is 10942846 a multiple of 5?
False
Is 14 a factor of 647670506?
True
Is 130177670 a multiple of 27?
False
Is 3759629994 a multiple of 17?
False
Does 265 divide 358577104?
False
Does 807 divide 23601878?
False
Does 11 divide 200003909?
False
Is 3 a factor of 13776373?
False
Does 293 divide 3795947?
False
Is 508474628 a multiple of 656?
False
Is 78516250 a multiple of 625?
True
Is 9406160 a multiple of 7?
False
Does 45 divide 128576295?
True
Is 28 a factor of 34328588?
True
Is 178 a factor of 46649413?
False
Is 32389335 a multiple of 56?
False
Is 278 a factor of 89127504?
False
Does 19 divide 6746862?
True
Does 15 divide 646120349?
False
Does 264 divide 6635186?
False
Does 5430 divide 106556581?
False
Is 100 a factor of 28908986?
False
Is 33 a factor of 9795016?
False
Is 44766176 a multiple of 104?
True
Does 779 divide 35958500?
False
Does 8 divide 19550752?
True
Is 632 a factor of 11483917?
False
Is 1150191 a multiple of 215?
False
Is 27177810 a multiple of 33?
True
Does 478 divide 366564338?
True
Does 51 divide 815782128?
True
Is 2123646 a multiple of 10?
False
Is 1076697600 a multiple of 1939?
False
Is 52 a factor of 976673100?
True
Does 2 divide 20559664?
True
Is 126 a factor of 6456841?
False
Is 614 a factor of 30902308?
False
Is 564 a factor of 1354914684?
True
Is 4692 a factor of 842082624?
True
Is 6 a factor of 32118507?
False
Is 100277710 a multiple of 751?
False
Is 620435883 a multiple of 1931?
False
Is 24490254 a multiple of 283?
True
Is 2164648380 a multiple of 4035?
True
Is 12182670 a multiple of 30?
True
Is 14 a factor of 72811228?
True
Is 51 a factor of 494959771?
False
Is 290 a factor of 884752880?
True
Is 20 a factor of 55649398?
False
Is 399859674 a multiple of 114?
True
Does 377 divide 136677580?
True
Is 422436257 a multiple of 2392?
False
Is 16 a factor of 482945915?
False
Does 4405 divide 103886801?
False
Does 219 divide 2800635510?
True
Is 51 a factor of 737543742?
True
Does 16 divide 367408096?
True
Is 292335952 a multiple of 16?
True
Is 50708485 a multiple of 815?
True
Is 10 a factor of 580982607?
False
Is 3118334568 a multiple of 94?
True
Is 35969562 a multiple of 20?
False
Is 23586902 a multiple of 12?
False
Does 87 divide 52909235?
False
Does 59 divide 26740768?
False
Is 15908964 a multiple of 190?
False
Does 54 divide 35931762?
True
Is 157341676 a multiple of 177?
False
Is 272168113 a multiple of 119?
True
Is 38 a factor of 37664840?
True
Is 4728547 a multiple of 405?
False
Is 63043498 a multiple of 75?
False
Is 49 a factor of 468420547?
T